= 6*l - 3. Calculate the remainder when i is divided by m(2).
5
Let m(g) = 14*g + 5. Let n be m(18). Suppose -2*c + 435 = 5*y - 7*c, -n = -3*y - c. What is the remainder when y is divided by 22?
20
Suppose -n - 2*f = -62, -5*n + 286 = -2*f - 0*f. Let l be (-3)/9 + (-182)/(-6). Let j = n - l. What is the remainder when 83 is divided by j?
27
Let m be -52*-1*(-95)/20. Calculate the remainder when m/(-3) - 2/(-3) is divided by (4 + -1 - -4)*4.
27
Let w be (-4)/(-16) + (-294)/(-8). Let c = w + -26. Suppose -c + 10 = -l. Calculate the remainder when 1 is divided by l.
0
Let q(k) = -5*k**2 + 97*k + 54. Calculate the remainder when q(19) is divided by 14/7*(7 - 1).
8
Let t = 841 - 460. Calculate the remainder when t is divided by 48.
45
Suppose -4*v - 36 - 84 = 0. Let d be v/(-45) + 19/3. Suppose -2*k + d*k = -2*f + 78, 4*f + 4 = 0. Calculate the remainder when k is divided by 6.
4
Suppose 5*n + 5*x - 475 = 0, -5*n + 4*x = -0*n - 475. Suppose 5*j = -u + n, u + 0*j = 2*j + 109. What is the remainder when u is divided by 27?
24
Suppose 5*x - 10 = 8*q - 4*q, -2*x - q + 17 = 0. Suppose -8 = -5*g - 0*g + 3*b, -g - b + 8 = 0. Calculate the remainder when x is divided by g.
2
Suppose 111 = -2*j + 5*j. Let u(f) = -f**2 - 10*f - 13. Let p be u(-10). Let s = j + p. What is the remainder when 93 is divided by s?
21
Let m(o) = -11*o + 3. Suppose -3525 = -c - 3505. Calculate the remainder when m(-3) is divided by c.
16
Let j = -14 + 52. Suppose -4*f = 3*a - 71, -3*a + a = 5*f - j. Calculate the remainder when a is divided by 15.
14
Let i(y) = 2*y**2 - y - 58. Calculate the remainder when 297 is divided by i(-6).
17
Let u(l) = 4*l - 12. Let x be u(6). Suppose 4*k - 3*d = -7*d + x, 3*d = -2*k + 3. Suppose 0 = -3*y + 21 + k. Calculate the remainder when 29 is divided by y.
2
Suppose -2*o = 2*a - 20, 3*o + 0*o = -5*a + 44. What is the remainder when 171 is divided by a?
3
Let o be (-6)/((-9)/(-3))*2. Let j be 1 - (-1 - (o - -1)). What is the remainder when 2/2*(1 - j) is divided by 1?
0
Let t(s) = -s + 7. Let i be t(11). Let o = 35 + i. Let f(m) = m**3 - m**2 + 2*m. Calculate the remainder when o is divided by f(2).
7
Let m(c) = -114*c - 290. Calculate the remainder when m(-3) is divided by 5/(-2)*66/(-15).
8
Let c = -13 + 26. Suppose -d = -2*k - 4 + 12, 4*k = 16. Suppose -3*y - 2*y - h + 189 = d, -5*h = y - 57. What is the remainder when y is divided by c?
11
Suppose -4*f + 0*f = -596. Suppose -7*v + f = -19. What is the remainder when 93 is divided by v?
21
Let c = -16 - -20. Suppose 0 = -c*z - z + 100. What is the remainder when 59 is divided by z?
19
Suppose 0*q + q = 4*b - 225, b - 63 = -2*q. Let c(t) = 3*t - 6. Let r be c(5). What is the remainder when b is divided by 177/r - (-2)/6?
17
What is the remainder when 1110 is divided by 17200/(-300)*3/(-4)?
35
Let p = -157 - -56. Let u = 171 + p. Calculate the remainder when u is divided by 24.
22
Let x be (2 - -3) + -2 + 2. Suppose 5*b = -x*j + 130, -2*b + 3*j - 2*j + 52 = 0. Let h = -9 - -18. Calculate the remainder when b is divided by h.
8
Suppose -2*d + 8 + 42 = 2*w, 0 = 5*d - 4*w - 98. Let q be 3 - (-32)/(-6)*(-18)/4. What is the remainder when (56/6)/4*q is divided by d?
19
Suppose -42 = -2*p - 28. Suppose -5*f - 33 - 10 = -2*k, -4*f = -k + 14. What is the remainder when k is divided by p?
6
What is the remainder when 23 is divided by 59/5 - -3*2/30?
11
Let b be (6/5)/(2/5). Suppose -88 = -3*f - 4*m + 3*m, -113 = -4*f + b*m. Calculate the remainder when 82 is divided by f.
24
Let l(m) = m**3 + 20*m**2 - 22*m + 4. Let k be l(-21). Suppose 3*w + 6*f - 2*f = 154, 5*f + k = 0. Calculate the remainder when w is divided by 16.
10
Suppose -177 = -19*k + 184. Calculate the remainder when 53 is divided by k.
15
Suppose w = -0*w + 43. Let h(v) = 3*v**3 + 0*v**3 - 235*v**2 - 4*v**3 + 237*v**2 + 11 + 8*v. What is the remainder when w is divided by h(-2)?
10
Let v(l) = 2*l - 6. Calculate the remainder when 27 - -2 - (-3 + 1) is divided by v(11).
15
Let s = 787 + -733. Calculate the remainder when s is divided by 46.
8
Let d = 176 - 112. Calculate the remainder when 252 is divided by d.
60
Let r be (5*(-8)/40)/((-1)/17). Suppose r = -3*z + 74. Calculate the remainder when z is divided by 16.
3
Let p(y) = y**3 - 10*y**2 + 10*y - 27. Let x(l) = -l**3 + 11*l**2 - 11*l + 27. Let f(z) = 4*p(z) + 5*x(z). What is the remainder when 37 is divided by f(14)?
11
Suppose 3*o - 132 = 141 + 60. What is the remainder when o is divided by (-1)/((-2)/(-46)*-1)?
19
Let q(b) = -b**3 - 6*b**2 + 3*b + 11. Let s be q(-7). Suppose -s + 87 = o. Calculate the remainder when o is divided by 10.
8
Let r be ((-7)/(-5) + -1)/((-14)/(-140)). Suppose 5*x - 34 - 11 = -4*n, 5*n - 63 = -r*x. What is the remainder when 74 is divided by n?
14
Suppose -3*h + 23 = 5*v - 41, 4 = -2*h. What is the remainder when 362 is divided by v?
12
Let h(r) = 5*r + 45. Let f be h(-6). Suppose 13 = f*x - 14*x. What is the remainder when 37 is divided by x?
11
Suppose 2*q + 32 = 154. What is the remainder when q is divided by 16?
13
Let m(q) = -96*q**3 - q**2. Let a = -22 + 21. Let p be m(a). Suppose -2*g + p + 35 = 0. What is the remainder when g is divided by 22?
21
Suppose -6 = 3*x - 12. Let z = 3 + 2. Suppose 3*q - 46 = 2*g, -q + 3*g - z*g + x = 0. Calculate the remainder when 44 is divided by q.
8
Suppose -b + 10*b = -9. Let c = 11 + b. Calculate the remainder when 16 is divided by c.
6
Let c(x) = -x**2 + 11*x + 8. Let w be c(12). Let k(p) = -p**2 + 8*p + 6. Let j be k(5). Let y = j + w. What is the remainder when 64 is divided by y?
13
Suppose -3*q - 3*d + 99 = -60, 0 = -3*d - 3. Calculate the remainder when 199 is divided by q.
37
What is the remainder when 603 is divided by -6 - (-5)/((-20)/(-244))?
53
Let o = -99 + 146. What is the remainder when o is divided by 3 + (-2)/((-2)/21)?
23
Let n = -212 - -218. Calculate the remainder when 167 is divided by n.
5
Suppose -4*h + 9 + 71 = 0. Calculate the remainder when 35 is divided by h.
15
Let j = -4 - -6. Let b = j - -21. What is the remainder when 42 is divided by b?
19
Suppose 0 = -x + 80 - 3. What is the remainder when 460 is divided by x?
75
Suppose 3*a - 6 - 3 = 0. Suppose 25 = 2*f + a*f. Suppose -4*p = -f*p + 26. What is the remainder when 101 is divided by p?
23
Suppose -5*x + 143 = 6*d - 10*d, d = 3. Suppose -51 = -t - 4*l, -5*t + l = -l - 255. What is the remainder when x is divided by (2/6)/(1/t)?
14
Let m = -2 - -4. Suppose 6*c + 5*w = 9*c + 11, c + 1 = w. Suppose c*t = 2*z + 17, z - m = 3. What is the remainder when t is divided by 6?
3
Suppose z - 19 = 13. Suppose -222 = -4*p - 154. What is the remainder when z is divided by p?
15
Suppose -3*y - 6 = 0, -4*y - 1 = k - y. Suppose 77 = k*n - 68. Calculate the remainder when n is divided by (-136)/(-14) + (-54)/(-189).
9
Let v = 320 + -152. Suppose -2*i + l + v - 40 = 0, -2*l = 0. What is the remainder when i is divided by 1 + 5/(10/42)?
20
Suppose -26*u - 190 = -31*u. Suppose -6*h + u + 10 = 0. Let t(c) = -5*c + 4. Calculate the remainder when t(-7) is divided by h.
7
Suppose 2*k + 5*g - 3 = k, -3*k - 5*g = -9. Calculate the remainder when 1/9*k + 332/12 is divided by 8.
4
Suppose -4*v = 4*j - 2*v - 22, 2*j + 4*v = 20. Suppose j*s + 3*o + 36 = 0, 4*s = 2*o - 7 - 9. Calculate the remainder when 10 is divided by 4/s - 14/(-3).
2
Suppose -5*m - 7 - 3 = 0, -o + 53 = -2*m. What is the remainder when o is divided by 16?
1
What is the remainder when 77 is divided by (2/(-6))/(13/(-663))?
9
Let w be (-10 - -14)/((-4)/(-442)). Suppose 5*i + 22 = w. Calculate the remainder when i is divided by 29.
26
Suppose 9*m = 4*m + 5. Let j = 2 - m. What is the remainder when j is divided by 1?
0
Let y = 1014 + -1007. Calculate the remainder when 165 is divided by y.
4
Let t(s) = s**2 - 42*s - 109. What is the remainder when t(45) is divided by 19?
7
Let q = -141 - -167. Calculate the remainder when 151 is divided by q.
21
Let t be 160/(-70) - 2/(-7). Calculate the remainder when t + (-135)/(-3) + -3 is divided by 1 + -1 + (17 - -4).
19
Let l = -1671 - -1688. Suppose 5*h - 66 + 11 = 0. Calculate the remainder when l is divided by h.
6
Let a = 283 + -210. Calculate the remainder when 140 is divided by a.
67
Suppose -3*r = -y - 29, 2*r + 3*r - 3*y - 43 = 0. Suppose 0 = -13*k + r*k 